 v be f(12). Let r(o) = o - 6. What is r(v)?
1
Suppose 0 = 3*z + 2*z - 100. Suppose 5*h + 5 = z. Let p(y) = -y**3 + 2*y**2 + 3*y - 2. Determine p(h).
-2
Let l = 10 - 6. Let i(q) = -q. Let x be i(-1). Let m(h) = 4*h - 1 - x + 5 - 5*h. Give m(l).
-1
Let y(t) = 4*t - t - t - 6. Let i = 87 + -82. Calculate y(i).
4
Let n(m) = 0*m - 316*m**2 + 317*m**2 - m. What is n(-1)?
2
Suppose -4*k + 3 = -1. Let y(d) = -6*d + 1. Determine y(k).
-5
Let m(n) = 1 + 3 - 8*n + 3*n**2 + 4*n - n**3. Give m(3).
-8
Let w(k) = -2*k - 1. Suppose -3 = -b - 4. Let y be w(b). Let m(o) = -7*o**3 + o**2 - 5*o - 1. Let f(i) = i**3 + i. Let d(a) = 6*f(a) + m(a). Determine d(y).
0
Let v(u) be the first derivative of -17*u**4/4 - u + 17. Determine v(1).
-18
Let p be (-20)/9 + 4/18. Let n(c) = 4*c + 5. Let z(i) = -4*i - 6. Let w(g) = 4*n(g) + 3*z(g). Calculate w(p).
-6
Suppose b + 3 - 4 = 0. Let z(u) = 2*u**2 + 3. Let y(m) = 4*m**2 + 7. Let o(s) = -4*y(s) + 9*z(s). Give o(b).
1
Let o(m) = 7*m**3 - 2*m**2 + 2*m - 1. Let y be -1 + 3/6*10. Suppose 7 - 1 = 2*v. Let u = y - v. Calculate o(u).
6
Let l(m) = -m**2 - 9*m + 4*m - 6*m - 9. What is l(-8)?
15
Let d(v) be the third derivative of v**4/24 - v**3/6 - 6*v**2. Determine d(6).
5
Let c(m) = m**2 + 5*m - 2. Let q = 65 - 70. What is c(q)?
-2
Let v(a) = 3*a + 3. Suppose 5*c + 15 = 0, h - 9 - 3 = 5*c. Determine v(h).
-6
Let b(y) be the second derivative of y**4/12 - y**3/3 + y**2 - y. Suppose -8*p + 8 = -4*p + 4*m, 3*p - 5 = -2*m. Suppose -5 + p = -2*w. Calculate b(w).
2
Let o = -24 - -37. Let l = 8 - o. Let g(b) = -b**2 + b + 1. Let x(r) = 3*r**2 - 8*r. Let n(j) = 4*g(j) + x(j). Determine n(l).
-1
Let q(l) = l**2. Let w(a) be the third derivative of a**5/60 - a**4/4 - a**3/6 - a**2. Let r(v) = -3*q(v) + w(v). Determine r(-4).
-9
Let s(m) = -m**2 + 4*m + 4. Suppose 0*w = 5*w - 30. What is s(w)?
-8
Let z be 3 + (-42)/3 + 1. Let h = z + 10. Let y(s) = h*s + 0*s + 1 - 3*s. Calculate y(2).
-5
Let f be -5 - -1 - (-1 - 3). Let n(x) = x - 1. Determine n(f).
-1
Let w(t) = 3*t - 12. Let r be w(-9). Let j = -25 - r. Suppose -8*v + 4*v - 3*l = -j, -3*l = -v + 11. Let y(h) = -h**2 + 4*h + 7. What is y(v)?
2
Let l(m) = 4*m**2 - 4*m. Let w(k) = -k**2 - 38*k + 1 + 6*k**2 + 33*k. Let i be 6*(-1 + 3/2). Let p(s) = i*w(s) - 4*l(s). Give p(0).
3
Let y be 3/((-18)/(-4))*3. Let s(a) = -a**3 + a**2 + 3*a - 2. Let f be s(2). Suppose -2*u + f*u = y. Let j(g) = 6*g - 1. Give j(u).
-7
Let d(p) be the third derivative of p**6/24 - p**5/15 + p**3/6 + p**2. Let u(r) = -6*r**3 + 5*r**2 - 1. Let y(k) = -3*d(k) - 2*u(k). Give y(-1).
4
Let t be 0*3/(-12) - 0. Let s(y) = y - 5*y**2 + 4 - 3 + 0*y + t + y**3. Suppose 0 = -2*g + 5*g - 12. Calculate s(g).
-11
Suppose -2*z - 4 + 0 = 0. Let n(l) be the third derivative of -1/8*l**4 + 4*l**2 + 0 - 1/3*l**3 - 1/60*l**6 - 1/15*l**5 + 0*l. Give n(z).
4
Suppose 2*d = -2*d + 8. Let o = 5 - d. Let b(q) = 0 - 3*q**2 - 2*q + 0 - q**o + 5*q. Calculate b(-4).
4
Let b(j) be the second derivative of j**6/72 - j**5/120 - j**4/4 - j. Let h(m) be the third derivative of b(m). Calculate h(-1).
-11
Let y(b) be the third derivative of b**6/120 - 7*b**5/60 - 3*b**4/8 + b**3 - 17*b**2. Give y(8).
-2
Let h(d) be the third derivative of -1/120*d**6 + 1/24*d**4 + 1/60*d**5 + 0 + 0*d - 1/3*d**3 + 6*d**2. Suppose 4*p + 0*p = 0. Determine h(p).
-2
Suppose 0 = 4*j + k - 17, j - 4 = k + 4. Let g(t) = -t**2 - 7*t - 7. Let w(y) = -2*y**2 - 8*y - 8. Let p(z) = -3*g(z) + 2*w(z). Calculate p(j).
5
Let g be (12/10)/((-3)/(-15)). Let c(s) = -s**2 + 5*s - 4. What is c(g)?
-10
Let r(f) = -f**3 - 4*f**2 - 4*f + 1. Suppose -3 = 4*x + 1. Let y be (3*x)/(-1 - -2). Determine r(y).
4
Let v(w) = 2*w**2 - 6*w - 6. Let a(q) = -q**2 - q - 1. Let m(f) = 5*a(f) - v(f). What is m(-1)?
-7
Let i(p) = -2*p + 4. Let r = 0 - -18. Let m = r - 15. Calculate i(m).
-2
Let j be 6/(11/(-12) - -1). Let n be (-376)/j + 2/9. Let d(f) = 3*f - 5 + 0 - 5*f. What is d(n)?
5
Let l(f) be the second derivative of -5/2*f**2 + 1/6*f**3 + 0 + 1/20*f**5 - 3*f + 0*f**4. Determine l(0).
-5
Let f(b) = -4*b + 4. Let n(p) = 5*p - 4. Let c(z) = 3*f(z) + 2*n(z). Calculate c(3).
-2
Let t be 5/(24/(-9) + 3). Let g = -10 + t. Let u(p) = -p**3 + 7*p**2 - 8*p + 4. Determine u(g).
14
Let l(i) be the first derivative of -i**5/20 + i**4/4 - i**3/6 + 2*i**2 + 3*i + 6. Let f(v) be the first derivative of l(v). Determine f(4).
-16
Let y = 4 - 2. Let k = -4 + y. Let x(q) be the third derivative of -q**5/60 - q**4/12 - q**3/3 + 7*q**2. Calculate x(k).
-2
Suppose 0 = -4*t - 5*m - 9, -m = 4*t - 0*m - 11. Let g be t/(-3)*(-3)/2. Let d(z) = 1 + z**2 - z**g + 6*z + z**2. Calculate d(-4).
-7
Let i = 26 - 26. Let g(c) = c**3 - c + 8. Give g(i).
8
Let j(r) = -r - 3. Suppose 0*m = 4*g - m - 26, -3*g + 5*m = -28. Suppose -a = -g*a. Let x be j(a). Let k(i) = i - 3. Calculate k(x).
-6
Let q(z) = 5*z + 4*z - z - 7 + 6*z**2 - z**3. Give q(7).
0
Suppose 5*p - 2 = 28. Suppose 0 = -2*k + p*k - 20. Let v(z) = -4*z**2 + z - 2. Let n(i) = -11*i**2 + 4*i - 6. Let l(q) = -3*n(q) + 8*v(q). Calculate l(k).
7
Let k(b) = 6*b**2 - 2*b + 1. Let x = -2 + 4. Suppose -3*o + 3 = -5*q, x*q + 0*q = 2*o - 2. Let n be (o/2)/(3/6). Determine k(n).
5
Let r(g) = g - 5. Let k be r(7). Let n(y) = -k*y + 8*y - 2 - y. Let i = 6 - 4. Calculate n(i).
8
Suppose 4*i = -6*i - 30. Let v(t) = t - 1. Determine v(i).
-4
Let h(a) = a**2 - a - 1. Let b(x) = -x**2 - 4*x. Let r = -8 - -6. Let q be b(r). Suppose 0 = q*j + j + 5. Determine h(j).
1
Let r(h) be the first derivative of h**3/3 - 4*h**2 + 5*h - 1. What is r(6)?
-7
Let t(l) = -3*l**2 + 2*l - 1. Let m(i) = 4*i**2 - 3*i + 2. Let s(p) = -2*m(p) - 3*t(p). What is s(-2)?
3
Let a(y) = -y**2 + 4*y + 1. Let u(q) = -q**2 + 5*q. Let s(n) = 2*a(n) - 3*u(n). Suppose 3*o = 3*i + o - 19, 0 = 5*i - 5*o - 35. What is s(i)?
-8
Let l = 83 + -78. Let y(o) be the second derivative of -o**4/12 + 5*o**3/6 - o. Determine y(l).
0
Let r(y) = 20*y + 1. Let k = -6 + 5. Calculate r(k).
-19
Let p(t) = -t**2 + 0*t - 1 - t + 1. Calculate p(-3).
-6
Let y(d) be the second derivative of -1/2*d**4 + 5*d + 1/6*d**3 + 1/20*d**5 - 7/2*d**2 + 0. Calculate y(6).
-1
Let w(c) = c**2 - 5*c - 6. Suppose -q - 2 = 0, -5*a - 2*q + 44 = -2. Suppose 4*b + 3*d - 20 = 0, 0*b = -2*b - 4*d + a. Determine w(b).
-6
Let a(x) = 2*x - 7. Suppose 0 = 3*g - 2*g - 5. Determine a(g).
3
Let a(z) be the first derivative of z**4/4 + 4*z**3/3 - z**2/2 - 8. What is a(-2)?
10
Suppose -t = t. Suppose t = -2*r - 0*r. Suppose r*b + 3*b = 0. Let s(d) = -d**2 + 6. Give s(b).
6
Let q be 5 + -5 + -2 - (-9)/2. Let p(j) be the first derivative of 5/3*j**3 - 2 - j - 1/4*j**4 - q*j**2. Determine p(4).
-5
Let v(m) = 1 + 4*m + 1 - 9*m + 6*m. Calculate v(2).
4
Let n(s) = -4*s - 2. Let y be n(-3). Let m be 1/(3/(2 + y)). Let c(p) = 2 + 0*p**3 - p**3 - m*p + 0*p**3 + 2*p + 3*p**2. What is c(2)?
2
Let j(t) = 9*t**2 - t + 1. Let n(c) = -c**3 - 6*c**2 - 4*c + 6. Let f be n(-5). Give j(f).
9
Let x(q) = 16*q**2 - 30*q**2 - 1 + 2 + 16*q**2. Suppose 0 = a - 1 - 0. What is x(a)?
3
Suppose 4*n - 2*b - 28 = -0*n, 2*b = -n + 2. Let o(p) = p - 2. Determine o(n).
4
Let y(m) = m**2 - 31*m + 88. Let g be y(28). Let z(n) be the second derivative of -n + 0 + 1/20*n**5 - 1/3*n**g + n**2 + 1/6*n**3. Give z(2).
-4
Let q = -10 - -13. Let k(p) = -2*p**2 + 4*p + 1. What is k(q)?
-5
Let x(f) = f**2 - 5*f + 4. Let k be x(4). Let i(w) = -3 + 2*w + k + w**2 + 4. What is i(-2)?
1
Let a(v) = v**2 + 5*v - 4. Let k = 6 - 4. Suppose -15 = p + k*p. Give a(p).
-4
Suppose 3*t + 3 = -6, -3*m + 12 = -3*t. Let a(i) = -167 + 85 - 5*i + 83. Determine a(m).
-4
Let o(m) be the first derivative of 0*m**3 - 1 - 1/2*m**4 + 0*m + 0*m**2. Let q be o(1). Let z(j) = 2*j**2 + 3*j + 3. Calculate z(q).
5
Let k(i) be the first derivative of -i**5/60 + i**3/3 + 3*i**2/2 + 2. Let v(j) be the second derivative of k(j). Calculate v(2).
-2
Let a(j) = -j**2 + 20*j - 14. Let t be a(19). Let g(f) = f**2 - 5*f + 6. Calculate g(t).
6
Let a be 3/6*0/(-1). Suppose 2*c + a + 3 = -3*r, r = -1. Suppose -3*l + 0*l - 12 = c. Let t(b) = -b**3 - 4*b**2 - 5. Determine t(l).
-5
Let p(x) = 2*x**2 + 6*x + 3. Let o be (-8)/3*36/24. Determine p(o).
11
Let u(x) = -2*x + 3. Suppose 0 = -3*h - 0*k - 3*k + 12, 0 = 2*k. Give u(h).
-5
Let f(p) = p**2 + 4*p + 6. Let s(h) = -h**2.